{"id":1260,"date":"2022-09-06T21:12:32","date_gmt":"2022-09-06T21:12:32","guid":{"rendered":"http:\/\/www.adriangonzalezdacosta.com\/?page_id=1260"},"modified":"2022-09-06T21:13:22","modified_gmt":"2022-09-06T21:13:22","slug":"otros","status":"publish","type":"page","link":"http:\/\/www.adriangonzalezdacosta.com\/index.php\/otros\/","title":{"rendered":"Otros"},"content":{"rendered":"\t\t<div data-elementor-type=\"wp-page\" data-elementor-id=\"1260\" class=\"elementor elementor-1260\">\n\t\t\t\t\t\t<section class=\"elementor-section elementor-top-section elementor-element elementor-element-907f523 elementor-section-boxed elementor-section-height-default elementor-section-height-default\" data-id=\"907f523\" data-element_type=\"section\">\n\t\t\t\t\t\t<div class=\"elementor-container elementor-column-gap-default\">\n\t\t\t\t\t<div class=\"elementor-column elementor-col-100 elementor-top-column elementor-element elementor-element-80ad122\" data-id=\"80ad122\" data-element_type=\"column\">\n\t\t\t<div class=\"elementor-widget-wrap elementor-element-populated\">\n\t\t\t\t\t\t<div class=\"elementor-element elementor-element-26de75e elementor-widget elementor-widget-text-editor\" data-id=\"26de75e\" data-element_type=\"widget\" data-widget_type=\"text-editor.default\">\n\t\t\t\t<div class=\"elementor-widget-container\">\n\t\t\t\t\t\t\t\t\t<p>En las pesta\u00f1as de esta p\u00e1gina se pueden encontrar antolog\u00edas, traducciones, menciones, rese\u00f1as y colaboraciones<\/p>\t\t\t\t\t\t\t\t<\/div>\n\t\t\t\t<\/div>\n\t\t\t\t\t<\/div>\n\t\t<\/div>\n\t\t\t\t\t<\/div>\n\t\t<\/section>\n\t\t\t\t<\/div>\n\t\t","protected":false},"excerpt":{"rendered":"<p>En las pesta\u00f1as de esta p\u00e1gina se pueden encontrar antolog\u00edas, traducciones, menciones, rese\u00f1as y colaboraciones<\/p>\n","protected":false},"author":1,"featured_media":0,"parent":0,"menu_order":0,"comment_status":"closed","ping_status":"closed","template":"page-templates\/template-pagebuilder-full-width.php","meta":{"_monsterinsights_skip_tracking":false,"_monsterinsights_sitenote_active":false,"_monsterinsights_sitenote_note":"","_monsterinsights_sitenote_category":0,"neve_meta_sidebar":"","neve_meta_container":"","neve_meta_enable_content_width":"","neve_meta_content_width":0,"neve_meta_title_alignment":"","neve_meta_author_avatar":"","neve_post_elements_order":"","neve_meta_disable_header":"","neve_meta_disable_footer":"","neve_meta_disable_title":"","footnotes":""},"class_list":["post-1260","page","type-page","status-publish","hentry"],"_links":{"self":[{"href":"http:\/\/www.adriangonzalezdacosta.com\/index.php\/wp-json\/wp\/v2\/pages\/1260","targetHints":{"allow":["GET"]}}],"collection":[{"href":"http:\/\/www.adriangonzalezdacosta.com\/index.php\/wp-json\/wp\/v2\/pages"}],"about":[{"href":"http:\/\/www.adriangonzalezdacosta.com\/index.php\/wp-json\/wp\/v2\/types\/page"}],"author":[{"embeddable":true,"href":"http:\/\/www.adriangonzalezdacosta.com\/index.php\/wp-json\/wp\/v2\/users\/1"}],"replies":[{"embeddable":true,"href":"http:\/\/www.adriangonzalezdacosta.com\/index.php\/wp-json\/wp\/v2\/comments?post=1260"}],"version-history":[{"count":4,"href":"http:\/\/www.adriangonzalezdacosta.com\/index.php\/wp-json\/wp\/v2\/pages\/1260\/revisions"}],"predecessor-version":[{"id":1264,"href":"http:\/\/www.adriangonzalezdacosta.com\/index.php\/wp-json\/wp\/v2\/pages\/1260\/revisions\/1264"}],"wp:attachment":[{"href":"http:\/\/www.adriangonzalezdacosta.com\/index.php\/wp-json\/wp\/v2\/media?parent=1260"}],"curies":[{"name":"wp","href":"https:\/\/api.w.org\/{rel}","templated":true}]}}